 the value of (-2 - 4) + 4 - 4 - -4?
-2
Evaluate 15 - (-3 - 2 - -14).
6
What is -8 + 0 + (-3 - 2) + 10?
-3
-6 - -1 - (3 + -13)
5
What is the value of 3 - 11 - -10 - 1?
1
What is 6 - (11 + -13) - (7 + -1)?
2
Calculate 9 + 4 + -6 - 2.
5
Calculate -1 - (-2 + (10 - 3) + -6).
0
Evaluate -11 - (-13 + 3) - -2.
1
Calculate -2 + 8 + -4 - 4.
-2
6 - (2 - 1 - (-32 - -23))
-4
9 + -3 + -2 - (-1 - -6)
-1
Calculate -19 + 11 - (1 + -4).
-5
What is 33 + -29 + -1 + -4?
-1
Evaluate 5 + -13 + 6 - 4.
-6
What is (-3 - 0) + -24 + 22?
-5
Evaluate -2 + -4 + 0 + -1 + 4.
-3
Calculate (-8 - (-1 - (4 - 0))) + 3.
0
Calculate 0 + -9 + 21 + -5.
7
Calculate 20 - (9 + 0) - 3.
8
What is (-10 - 4 - -7) + 13?
6
Evaluate (1 - 8) + -4 + 1.
-10
(-4 + (-1 - -2) - -7) + -1
3
What is 2 - (1 + (8 - 6 - 3))?
2
What is the value of (18 - 14) + (-4 - -6) + -3?
3
What is the value of (62 - 59) + -6 + 1?
-2
What is -6 - (0 + (-13 - 2) + 6)?
3
What is (0 - -5) + 2 - (8 + -7)?
6
Calculate (-2 - -4) + 2 + 3 + -5.
2
What is the value of -3 - (2 - (5 + -2))?
-2
What is the value of -3 - ((-7 - (-4 + 3)) + 4)?
-1
What is the value of 11 + (2 - (3 + 3))?
7
0 + 0 + (-10 - -9) - -2
1
What is the value of 2 - (2 - 0) - (2 - 0)?
-2
Calculate 4 - (0 + 5) - 4 - -10.
5
33 - 39 - (-1 - (1 - -3))
-1
What is the value of (-10 - (6 - 9)) + (-1 - -4)?
-4
(-13 - -9) + 0 - 3
-7
Evaluate -14 + (-1 - -5) + (-14 - -18).
-6
-2 + -6 + (12 - 3)
1
Evaluate (21 - 25) + (-4 - -8) + 0.
0
Calculate 1 - (0 + (-3 - (-5 + 1))).
0
What is 5 - (3 + -6) - 7?
1
Calculate -14 + (-13 - (-17 - 0)).
-10
4 + 1 + -7 - (-1 - -3)
-4
Evaluate (-5 - -3) + (34 - 28).
4
Calculate 4 + (-5 + -1 - -1).
-1
-14 + -4 + -2 + 7 + 5
-8
0 + 1 + 4 + -9
-4
What is the value of (-5 - -6 - 4) + -1 + 2?
-2
Evaluate -5 - (-2 - 0) - (-6 + 9).
-6
Evaluate -8 - (-4 - 1) - (-3 + 0).
0
What is the value of -7 - -1 - (-28 + 23)?
-1
(-10 - -2 - -4) + 4
0
Evaluate (1 - 5 - (-2 - 0)) + -1.
-3
-4 + 2 - (-2 + 3 - 4)
1
-132 + 138 - (1 - -1 - -1)
3
Calculate 2 + (1 - (-3 - -7)).
-1
Evaluate -8 - (-14 - -3) - (3 + 0).
0
0 - (-6 + 1 + 3)
2
0 + 0 + -3 - 1
-4
Calculate 8 + (-8 - -3 - 0).
3
(-4 - (1 - -1)) + 4 - -8
6
What is 5 + -16 - -19 - -1?
9
Calculate (-2 - (-3 - 3)) + -2 + -2.
0
Calculate 4 - 0 - (0 + 3).
1
Evaluate (-5 - -3) + (4 - (4 - 2)).
0
-3 + -3 + 3 - (-6 + -2)
5
Calculate -17 + 19 + -7 + 0.
-5
4 - (-6 - (-2 - 3))
5
Calculate (-8 - (-7 + 8 + -4)) + 7.
2
Evaluate -4 + 9 - (-2 + 8).
-1
What is 4 + 1 + -5 + 3?
3
-1 - (4 + 1) - (-1 + 4)
-9
Evaluate 2 - (1 + -7 + 3 + 6).
-1
What is -16 + 8 + 2 - -6?
0
-6 - (6 - (9 - 2))
-5
Calculate -7 + 5 + (-1 - -8).
5
Calculate 1 + 0 + -1 + -126 + 130.
4
What is -2 - 1 - (-5 + 2) - 4?
-4
(-13 - (3 - 11)) + (0 - -4)
-1
What is (-4 - 5) + 2 + 8 + 5?
6
What is the value of -123 + 122 + 0 + (6 - 1)?
4
-6 + -1 + 1 + 4 + -6
-8
What is 2 + (1 + -3 - 3) + 2?
-1
-2 + (12 - 6) - (1 + 2)
1
Calculate (-2 - -1 - -5) + -11.
-7
-4 - (-9 + 12 + (1 - 6))
-2
Evaluate (-4 - -4) + 5 + 3 - 4.
4
Evaluate (0 - -2 - 5) + (8 - 3).
2
Evaluate -4 - (-4 + (0 - -5) + -5).
0
What is -9 + 2 + (-6 + 15 - 6)?
-4
What is the value of (4 - 2) + -3 + 0 - -4?
3
7 + -2 + (-3 - -7 - -1)
10
What is the value of -4 + (10 - 9) + -4?
-7
Evaluate -6 + (7 - 5) + 10.
6
What is -2 + (10 - -1 - 3) + 1?
7
What is the value of (3 - 2) + (-5 - 1)?
-5
(2 - (2 + -4 - 3)) + 3
10
Evaluate -2 - (2 + (-4 - -2)).
-2
What is the value of 2 + (-1 - -5) + -3?
3
What is 6 - (-4 + 0 + 8)?
2
Evaluate -4 + 3 + -1 + 5.
3
Calculate -1 - (0 + 2 + 0) - -6.
3
(13 - 5) + -3 + -9
-4
Calculate -1 - -6 - (-14 + 26).
-7
Calculate (3 - 1) + (-6 - -10 - 5).
1
What is 2 - (7 - 0 - (7 - 4))?
-2
2 + (-5 - 3) + 5
-1
Calculate (6 - -2) + -1 + -9.
-2
What is the value of 1 + (8 - (2 - (4 - 7)))?
4
Calculate 5 - 1 - (1 + 6 - -1).
-4
Calculate 0 + 2 + 4 + (34 - 33).
7
What is 5 + (2 + -3 - -1) + -7?
-2
Calculate -2 + -7 + (0 - -5).
-4
What is the value of (74 - 83) + (8 - -1)?
0
Calculate 5 + (0 - 14 - (-4 + 1)).
-6
What is -1 - 3 - (6 + -8)?
-2
What is the value of 2 + 7 + -5 + (1 - 8)?
-3
Calculate (-3 + 3 + -5 - -1) + 0.
-4
-4 + (46 - 47 - (0 - -1))
-6
What is 3 + 2 + -5 + 6?
6
What is the value of (-7 - (-8 + 4 + 3)) + 2?
-4
Evaluate -4 + 2 - (6 + -6 + 3).
-5
What is the value of 1 + (1 - -3) + (7 - 10)?
2
Evaluate 10 + -1 + -7 + -2.
0
Calculate (4 - 1) + (-52 - -43).
-6
Evaluate -11 + -3 + 5 + 3 + -4.
-10
Evaluate (17 - 12 - (1 + 4)) + -4.
-4
What is the value of -7 - (-9 + 4 + -7)?
5
(5 - ((4 - 2) + 2)) + 4
5
-1 - 4 - ((-8 - -7) + -4)
0
What is the value of 3 - (1 - -1 - -1)?
0
What is -4 - (-2 - (-4 - -4))?
-2
Evaluate 23 - 17 - (-1 - 1).
8
What is the value of (-6 - -2) + -78 + 83?
1
-11 + 11 + -6 - -17 - 6
5
Calculate -4 - (-2 - 2) - 6.
-6
What is the value of -14 + 19 - (-1 + 12)?
-6
Evaluate 6 - (11 - 4 - 6).
5
What is 2 + (-6 - (-10 + 5)) + 0?
1
Evaluate 1 + 1 + -1 - (6 - 1).
-4
Calculate -1 - 3 - (-15 - -7).
4
What is the value of 3 + 6 + -10 + (2 - 2)?
-1
What is the value of -2 + 2 - (5 - 2)?
-3
What is the value of (0 - 2) + 9 + -4?
3
Evaluate 13 + (-18 - 5 - -2).
-8
-6 + 10 + -6 + 0
-2
Evaluate -5 - (0 + -3 + -1).
-1
Evaluate -5 - 0 - (5 + 0 + -6).
-4
3 - -2 - (5 + 1)
-1
What is the value of -2 + -2 + -3 + 8?
1
What is the value of 0 + 2 - (-8 - (1 + -8))?
3
Calculate -2 + 3 + -3 - -1 - 0.
-1
Calculate 40 + -35 - (2 + 10 - 2).
-5
What is 0 + 5 + -2 - (0 + -2)?
5
Evaluate 0 - 0 - (0 - 2) - 5.
-3
Evaluate 2 - 6 - (-5 - (2 + -8)).
-5
(-2 + -3 - -5) + 2
2
What is -4 - (-9 - -8 - 6)?
3
6 + -9 + 6 + -1
2
Calculate (-26 - -23) + 1 + -1.
-3
Calculate 8 + -3 + -5 - -2.
2
Calculate 3 + -2 - (13 + -10).
-2
32 - 32 - (1 - 4)
3
Calculate (-2 - (3 - 8)) + -7 - -2.
-2
Evaluate 3 - (5 - (4 + -7)).
-5
Evaluate 2 + 1 + -1 + -1.
1
What is 2 - (-3 + 3 + 0 + 1)?
1
What is the value of -12 - (1 + 0 + (18 - 22))?
-9
Calculate (-5 + 4 - 1 - -5) + -4.
-1
Calculate (-4 + 5 + 0 - -2) + -6.
-3
What is -40 + 37 - (-7 + -1 - 0)?
5
Evaluate -5 - (2 + (-3 - (-2 - -2))).
-4
Calculate (-2 - -2) + -1 + 0 + 1.
0
Calculate (2 + (6 - 6) - 2) + -9.
-9
What is -2 - (11 - (-7 - -12))?
-8
(6 - ((3 - -4) + -2)) + -2
-1
Evaluate 13 + -13 + (2 - (2 - 2)).
2
2 + 0 + -3 - (50 + -47)
-4
What is the value of -2 + -5 + 4 + -4 + 4?
-3
What is -4 + (2 - (-5 - -5))?
-2
Evaluate 8 + -4 + 0 + 1 + -10.
-5
What is the value of (12 - 1) + -3 + (-3 - 0)?
5
What is the value of 16 + -12 - (-1 + 2)?
3
-1 + -3 + 0 + (-23 - -24)
-3
What is (0 - 1) + (9 - (0 + 6))?
2
Calculate -3 + 4 + -6 - 0.
-5
Evaluate (3 + (-2 - 2) - 1) + 3.
1
Calculate -1 - (0 + 0 + -2).
1
What is -1 - 7 - (7 - 19)?
4
0 + -7 + 4 + (-3 - -3)
-3
Calculate 3 + 0 + 0 - -1.
4
What is the value of 18 + -1 + -23 - (3 - -1)?
-10
-2 - 10 - (-2 + -19)
9
(6 - 4 - 5) + 1 + 6
4
Evaluate 0 + 0 - 0 - (-301 + 297).
4
Evaluate (-9 - -14) + (1 - 7).
-1
Calculate 2 - (2 - -1) - 3.
-4
Calculate -7 + 0 + (15 - 7).
1
Evaluate (34 - 33) + (1 - (-1 - -2)).
1
5 - (-1 + (9 - -2))
-5
Evaluate -8 - (-37 - -25 - (0 + 4)).
8
What is (-5 - -6 - 0 - -3) + 1?
5
Calculate (7 - (5 + -5)) + -1 - 6.
0
What is the value of (-37 - -18) + 17 - (-1 + 1)?
-2
What is the value of -1 + -6 - -9 - 5?
-3
10 + -7 + (-1 - 4)
-2
What is the value of -6 - 0 - (-140 - -137)?
-3
What is the value of 2 - 7 - -2 - (-13 + 13)?
-3
What is the value of -1 + 1 + -3 + 0 + -1?
-4
Calculate (-2 - -2) + -2 + -2.
-4
What is the value of 3 + 1 + (-156 - -144)?
-8
(-9 - (-6 + 6)) + 5
-4
Evaluate -2 - -3 - 4 - (2 - 4).
-1
(1 - (-4 + 1)) + -1 - 3
0
What is -7 - (12 - 6 - 13)?
0
Calculate (-4 - (1 - 4)) + -1 + -1.
-3
Calculate 4 - (-5 - (-11 - -1)) - -5.
4
What is the value of (1 - (3 + 1)) + 0?
-3
Evaluate 5 - 7 - -6 - 5.
-1
What is the value of 11 - (5 + 2) - -3?
7
Evaluate (3 - (4 + (0 - 3))) + -1.
1
What is (10 - (5 + 3)) + 3?
5
5 + (1 - (3 + 0)) + -2
1
What is 6 + (-1 - 1) - 2?
2
What is (13 - 16) + 5 + 6?
8
Evaluate 2 - (4 + 3 + (-10 - -3)).
2
Calculate 0 - (1 + 0 - -4).
-5
-1 + 0 - (-3 - (-14 - -7))
-5
(1 - 0 - (-14 + 19)) + 4
0
Calculate -12 - ((1 - (7 + 1)) + 2).
-7
What is -6 - (-19 + 14 - 5)?
4
Evaluate (2 - -1) + 5 - 4.
4
Evaluate 4 + (-6 - -7) - 3.
2
Evaluate -5 - (-7 - 6 - -6).
2
What is -5 + (-1 - -7 - 8)?
-7
What is (1 + -6 - 5) + 0 + 7?
-3
What is (-3 - 5 - -3) + 1?
-4
Evaluate 31 + -29 - ((0 - 2) + 2).
2
What is the value of -3 + -7 +